factor of 7049417?
True
Does 209 divide 773485?
False
Does 69 divide 6177087?
True
Is 705172 a multiple of 4?
True
Is 6965676 a multiple of 18?
True
Is 15 a factor of 291720?
True
Is 138 a factor of 174984?
True
Does 127 divide 91791?
False
Is 41 a factor of 4543083?
False
Does 13 divide 58164?
False
Is 23 a factor of 9560222?
False
Does 65 divide 16111485?
True
Does 106 divide 10935808?
True
Does 17 divide 6444870?
True
Is 40288 a multiple of 28?
False
Is 475891 a multiple of 3?
False
Is 122051 a multiple of 13?
False
Is 24 a factor of 1632624?
True
Is 36 a factor of 108396?
True
Is 101 a factor of 2703568?
True
Is 3373275 a multiple of 123?
True
Is 2476226 a multiple of 23?
True
Is 133 a factor of 3500145?
False
Is 41184 a multiple of 288?
True
Is 62 a factor of 168482?
False
Is 211 a factor of 2888371?
False
Is 137540 even?
True
Is 17 a factor of 719355?
True
Is 73 a factor of 255821?
False
Does 84 divide 6855128?
False
Is 3414097 a multiple of 28?
False
Is 17875 a multiple of 65?
True
Does 57 divide 5938516?
False
Does 400 divide 180800?
True
Does 13 divide 1220817?
True
Does 58 divide 408088?
True
Is 14154796 a multiple of 265?
False
Is 2115470 a multiple of 10?
True
Does 410 divide 48380?
True
Is 11 a factor of 2988568?
True
Is 204 a factor of 273768?
True
Is 67 a factor of 264677?
False
Does 9 divide 748?
False
Is 271660 a multiple of 188?
True
Does 99 divide 2206963?
False
Is 4474708 a multiple of 738?
False
Does 36 divide 24728?
False
Is 26 a factor of 8629036?
True
Is 77230 a multiple of 28?
False
Is 52 a factor of 536692?
True
Does 67 divide 8042144?
True
Is 89 a factor of 92002?
False
Does 16 divide 605402?
False
Is 61 a factor of 10010?
False
Is 79 a factor of 5113826?
False
Is 73 a factor of 115705?
True
Does 10 divide 185538?
False
Is 9 a factor of 86076?
True
Is 2911261 a multiple of 383?
False
Is 3623802 a multiple of 2?
True
Is 15 a factor of 253665?
True
Does 141 divide 145634?
False
Is 384237 a multiple of 513?
True
Is 8 a factor of 129452?
False
Is 26 a factor of 27078?
False
Does 1386 divide 6167700?
True
Is 165 a factor of 217706?
False
Is 259 a factor of 1607613?
True
Is 3548 a multiple of 14?
False
Is 23 a factor of 303401?
False
Does 43 divide 379948?
True
Is 54 a factor of 689094?
True
Is 8938872 a multiple of 2412?
True
Is 36 a factor of 64610?
False
Is 182 a factor of 1990198?
False
Does 87 divide 1901298?
True
Is 170432 a multiple of 125?
False
Is 58087 a multiple of 18?
False
Does 27 divide 2460304?
False
Is 253 a factor of 2316721?
True
Is 13477022 a multiple of 34?
True
Is 11 a factor of 332530?
True
Does 14 divide 1655234?
True
Does 4 divide 540689?
False
Does 18 divide 4317894?
True
Is 102714 a multiple of 44?
False
Does 11 divide 7021902?
False
Does 9 divide 467811?
True
Does 10 divide 311140?
True
Does 380 divide 599260?
True
Is 240 a factor of 3637156?
False
Does 25 divide 290145?
False
Is 4 a factor of 331496?
True
Is 654170 a multiple of 19?
True
Is 29 a factor of 34319?
False
Is 678738 a multiple of 262?
False
Is 66 a factor of 60486?
False
Is 4276300 a multiple of 100?
True
Is 16 a factor of 96137?
False
Is 275 a factor of 649825?
True
Is 3 a factor of 86106?
True
Does 280 divide 384816?
False
Is 23025 a multiple of 20?
False
Is 7 a factor of 20382?
False
Does 1117 divide 6151855?
False
Does 24 divide 121796?
False
Is 108279 a multiple of 9?
True
Does 112 divide 255248?
True
Is 284 a factor of 745855?
False
Is 118 a factor of 663404?
False
Is 12642075 a multiple of 25?
True
Does 651 divide 548450?
False
Is 395 a factor of 395224?
False
Is 523 a factor of 2637686?
False
Does 26 divide 34814?
True
Is 60 a factor of 16740?
True
Does 52 divide 386358?
False
Is 139497 a multiple of 39?
False
Is 11353338 a multiple of 18?
True
Is 1244758 a multiple of 27?
False
Is 13 a factor of 356054?
False
Is 1715947 a multiple of 19?
True
Does 156 divide 485784?
True
Does 297 divide 886871?
False
Is 340724 a multiple of 258?
False
Is 345912 a multiple of 84?
True
Does 103 divide 843776?
True
Is 33937054 a multiple of 1986?
False
Is 10 a factor of 25456?
False
Is 1669715 a multiple of 1033?
False
Is 38 a factor of 2307246?
True
Is 21 a factor of 525945?
True
Is 167 a factor of 5892863?
False
Is 2896108 a multiple of 16?
False
Does 339 divide 303405?
True
Is 761131 a multiple of 30?
False
Does 13 divide 387233?
False
Is 5301125 a multiple of 125?
True
Is 30 a factor of 2138852?
False
Is 3480071 a multiple of 467?
False
Does 75 divide 6851941?
False
Is 834456 a multiple of 12?
True
Does 32 divide 43328?
True
Does 90 divide 542473?
False
Is 4984056 a multiple of 348?
True
Does 1163 divide 2097979?
False
Does 25 divide 14877520?
False
Does 3 divide 1545165?
True
Does 121 divide 170736?
False
Is 109 a factor of 15796?
False
Does 16 divide 86052?
False
Is 447124 a multiple of 4?
True
Is 95 a factor of 1875963?
False
Does 33 divide 72963?
True
Is 11 a factor of 508237?
False
Is 323 a factor of 62567?
False
Is 582853 a multiple of 25?
False
Does 14 divide 2296854?
True
Is 12697 a multiple of 4?
False
Does 94 divide 302492?
True
Is 5 a factor of 227135?
True
Is 286 a factor of 12655786?
True
Is 5984267 a multiple of 23?
False
Is 3 a factor of 962916?
True
Is 12 a factor of 16175?
False
Does 18 divide 4363074?
True
Is 59 a factor of 1720330?
False
Is 605 a factor of 513014?
False
Is 42 a factor of 26008?
False
Does 15 divide 389504?
False
Is 25 a factor of 1214924?
False
Does 21 divide 5626937?
False
Is 35910 a multiple of 18?
True
Is 44 a factor of 206492?
True
Is 21 a factor of 1430489?
False
Is 4422 a multiple of 134?
True
Is 40 a factor of 536840?
True
Is 207444 a multiple of 6?
True
Is 127 a factor of 4495059?
False
Does 47 divide 364201?
False
Is 115 a factor of 831624?
False
Is 59 a factor of 130213?
True
Is 300735 a multiple of 489?
True
Is 154 a factor of 121044?
True
Is 865458 a multiple of 11?
True
Is 34 a factor of 108460?
True
Is 117 a factor of 73827?
True
Does 2 divide 2460478?
True
Is 20916 a multiple of 11?
False
Is 3367912 a multiple of 13?
False
Is 94139 a multiple of 75?
False
Is 119 a factor of 233881?
False
Is 69746 a multiple of 38?
False
Is 213 a factor of 681174?
True
Does 25 divide 82092?
False
Does 2 divide 38335?
False
Is 257 a factor of 519413?
False
Is 216119 a multiple of 10?
False
Is 46 a factor of 71162?
True
Does 90 divide 167850?
True
Is 58 a factor of 124294?
True
Does 50 divide 241296?
False
Does 60 divide 10423170?
False
Is 297828 a multiple of 241?
False
Is 5369910 a multiple of 210?
True
Is 326 a factor of 2026742?
True
Is 5429972 a multiple of 498?
False
Is 940789 a multiple of 9?
False
Is 13106 a multiple of 17?
False
Is 253599 a multiple of 139?
False
Is 198380 a multiple of 4?
True
Is 36267 a multiple of 2?
False
Is 150184 a multiple of 51?
False
Does 62 divide 12599578?
True
Does 63 divide 414036?
True
Is 313544 a multiple of 493?
False
Does 51 divide 257531?
False
Is 54502 a multiple of 17?
True
Does 105 divide 479850?
True
Is 1470814 a multiple of 117?
False
Does 9 divide 1273778?
False
Does 90 divide 2857575?
False
Is 108286 a multiple of 7?
False
Is 1400889 a multiple of 2?
False
Is 347 a factor of 134318?
False
Is 107 a factor of 97393?
False
Is 82250 a multiple of 50?
True
Is 7 a factor of 478486?
False
Is 929 a factor of 317718?
True
Does 40 divide 93406?
False
Does 448 divide 463372?
False
Is 470556 a multiple of 9?
True
Is 172 a factor of 173032?
True
Is 29193 a multiple of 263?
True
Is 39 a factor of 226677?
False
Is 5128893 a multiple of 977?
False
Is 288 a factor of 1905696?
True
Does 17 divide 4361483?
False
Is 11 a factor of 33517?
True
Does 32 divide 1852561?
False
Is 269403 a multiple of 1316?
False
Is 711468 a multiple of 12?
True
Is 9575664 a multiple of 42?
True
Is 7178458 a multiple of 68?
False
Is 1645430 a multiple of 1126?
False
Is 48 a factor of 4782624?
True
Is 426996 a multiple of 52?
False
Is 28 a factor of 30241904?
True
Does 24 divide 1307616?
True
Is 26 a factor of 203746?
False
Does 10 divide 12750?
True
Is 24 a factor of 1958544?
True
Is 12 a factor of 181180?
False
Does 17 divide 31442?
False
Is 1266347 a multiple of 333?
False
Is 175 a factor of 167054?
False
Is 102 a factor of 182070?
True
Does 620 divide 18321000?
True
Is 142656 a multiple of 97?
